{"id":15,"date":"2025-10-08T15:42:02","date_gmt":"2025-10-08T15:42:02","guid":{"rendered":"https:\/\/thestillbook.com\/?page_id=15"},"modified":"2025-10-09T15:43:00","modified_gmt":"2025-10-09T15:43:00","slug":"ve-the-still-book","status":"publish","type":"page","link":"https:\/\/thestillbook.com\/index.php\/ve-the-still-book\/","title":{"rendered":"V\u1ec1 The Still Book"},"content":{"rendered":"<h2 data-start=\"132\" data-end=\"167\">\ud83e\udeb6 <em data-start=\"138\" data-end=\"167\">Gi\u1edbi thi\u1ec7u \u2013 The Still Book<\/em><\/h2>\n<p data-start=\"169\" data-end=\"280\">C\u00f3 nh\u1eefng ng\u00e0y, th\u1ebf gi\u1edbi \u1ed3n qu\u00e1.<br data-start=\"200\" data-end=\"203\" \/>Ti\u1ebfng ng\u01b0\u1eddi, ti\u1ebfng vi\u1ec7c, ti\u1ebfng ph\u1ea3i-tr\u1edf-th\u00e0nh-m\u1ed9t-ai-\u0111\u00f3 vang l\u00ean kh\u00f4ng d\u1ee9t.<\/p>\n<p data-start=\"282\" data-end=\"406\">T\u00f4i t\u1ea1o ra <strong data-start=\"293\" data-end=\"311\">The Still Book<\/strong> nh\u01b0 m\u1ed9t kho\u1ea3nh kh\u1eafc \u0111\u1ec3 d\u1eebng l\u1ea1i.<br data-start=\"344\" data-end=\"347\" \/>Kh\u00f4ng ph\u1ea3i \u0111\u1ec3 tr\u1ed1n ch\u1ea1y, m\u00e0 \u0111\u1ec3 <em data-start=\"378\" data-end=\"403\">ng\u1ed3i l\u1ea1i v\u1edbi ch\u00ednh m\u00ecnh<\/em>.<\/p>\n<p data-start=\"408\" data-end=\"634\">\u0110\u00e2y kh\u00f4ng ch\u1ec9 l\u00e0 m\u1ed9t website review s\u00e1ch.<br data-start=\"449\" data-end=\"452\" \/>M\u00e0 l\u00e0 m\u1ed9t g\u00f3c nh\u1ecf \u0111\u1ec3 \u0111\u1ecdc ch\u1eadm h\u01a1n m\u1ed9t ch\u00fat, l\u1eb7ng h\u01a1n m\u1ed9t ch\u00fat, s\u00e2u h\u01a1n m\u1ed9t ch\u00fat.<br data-start=\"532\" data-end=\"535\" \/>\u0110\u1ec3 ta th\u00f4i v\u1ed9i tin m\u1ecdi \u0111i\u1ec1u \u0111\u01b0\u1ee3c vi\u1ebft \u2013 m\u00e0 b\u1eaft \u0111\u1ea7u <em data-start=\"586\" data-end=\"631\">soi chi\u1ebfu ch\u00fang v\u00e0o cu\u1ed9c s\u1ed1ng th\u1eadt c\u1ee7a m\u00ecnh<\/em>.<\/p>\n<p data-start=\"636\" data-end=\"646\">T\u00f4i tin:<\/p>\n<blockquote data-start=\"647\" data-end=\"761\">\n<p data-start=\"649\" data-end=\"761\">\u0110i\u1ec1u \u0111\u00e1ng qu\u00fd nh\u1ea5t kh\u00f4ng ph\u1ea3i l\u00e0 m\u1ed9t cu\u1ed1n s\u00e1ch hay,<br data-start=\"700\" data-end=\"703\" \/>m\u00e0 l\u00e0 <strong data-start=\"711\" data-end=\"760\">m\u1ed9t cu\u1ed1n s\u00e1ch \u0111\u00fang \u2013 \u0111\u1ebfn v\u00e0o \u0111\u00fang kho\u1ea3nh kh\u1eafc<\/strong>.<\/p>\n<\/blockquote>\n<p data-start=\"763\" data-end=\"794\">T\u1ea1i The Still Book, b\u1ea1n s\u1ebd g\u1eb7p:<\/p>\n<ul data-start=\"796\" data-end=\"1058\">\n<li data-start=\"796\" data-end=\"892\">\n<p data-start=\"798\" data-end=\"892\">Nh\u1eefng <strong data-start=\"804\" data-end=\"824\">review t\u1ec9nh l\u1eb7ng<\/strong>, c\u00f3 \u0111\u1ed1i chi\u1ebfu, c\u00f3 ho\u00e0i nghi, c\u00f3 kho\u1ea3ng tr\u1ed1ng \u0111\u1ec3 b\u1ea1n t\u1ef1 ngh\u0129 ti\u1ebfp.<\/p>\n<\/li>\n<li data-start=\"893\" data-end=\"982\">\n<p data-start=\"895\" data-end=\"982\">Nh\u1eefng <strong data-start=\"901\" data-end=\"921\">podcast v\u00e0 video<\/strong>, nh\u01b0 m\u1ed9t ng\u01b0\u1eddi b\u1ea1n l\u1eadt s\u00e1ch c\u00f9ng b\u1ea1n, kh\u00f4ng v\u1ed9i, kh\u00f4ng \u00e9p.<\/p>\n<\/li>\n<li data-start=\"983\" data-end=\"1058\">\n<p data-start=\"985\" data-end=\"1058\">Nh\u1eefng <strong data-start=\"991\" data-end=\"1018\">chia s\u1ebb c\u00e1 nh\u00e2n c\u00f3 th\u1eadt<\/strong>, m\u1ed9c m\u1ea1c, kh\u00f4ng t\u1ea5u h\u00e0i, kh\u00f4ng d\u1ea1y \u0111\u1eddi.<\/p>\n<\/li>\n<\/ul>\n<p data-start=\"1060\" data-end=\"1213\">V\u00e0 t\u00f4i ch\u1ec9 mong \u2014<br data-start=\"1077\" data-end=\"1080\" \/>sau m\u1ed7i l\u1ea7n b\u1ea1n gh\u00e9 qua \u0111\u00e2y,<br data-start=\"1108\" data-end=\"1111\" \/>s\u1ebd c\u00f3 \u00edt nh\u1ea5t m\u1ed9t c\u00e2u, m\u1ed9t c\u00e2u h\u1ecfi, hay m\u1ed9t tr\u00edch d\u1eabn\u2026<br data-start=\"1165\" data-end=\"1168\" \/><strong data-start=\"1168\" data-end=\"1213\">khi\u1ebfn b\u1ea1n mu\u1ed1n ng\u1ed3i l\u1ea1i l\u00e2u h\u01a1n m\u1ed9t ch\u00fat.<\/strong><\/p>\n","protected":false},"excerpt":{"rendered":"<p>\ud83e\udeb6 Gi\u1edbi thi\u1ec7u \u2013 The Still Book C\u00f3 nh\u1eefng ng\u00e0y, th\u1ebf gi\u1edbi \u1ed3n qu\u00e1.Ti\u1ebfng ng\u01b0\u1eddi, ti\u1ebfng vi\u1ec7c, ti\u1ebfng ph\u1ea3i-tr\u1edf-th\u00e0nh-m\u1ed9t-ai-\u0111\u00f3 vang l\u00ean kh\u00f4ng d\u1ee9t. T\u00f4i t\u1ea1o ra The Still Book nh\u01b0 m\u1ed9t kho\u1ea3nh kh\u1eafc \u0111\u1ec3 d\u1eebng l\u1ea1i.Kh\u00f4ng ph\u1ea3i \u0111\u1ec3 tr\u1ed1n ch\u1ea1y, m\u00e0 \u0111\u1ec3 ng\u1ed3i l\u1ea1i v\u1edbi ch\u00ednh m\u00ecnh. \u0110\u00e2y kh\u00f4ng ch\u1ec9 l\u00e0 m\u1ed9t website review s\u00e1ch.M\u00e0&#8230;<\/p>\n","protected":false},"author":1,"featured_media":0,"parent":0,"menu_order":0,"comment_status":"closed","ping_status":"closed","template":"","meta":{"_kadence_starter_templates_imported_post":false,"_kad_post_transparent":"default","_kad_post_title":"default","_kad_post_layout":"default","_kad_post_sidebar_id":"","_kad_post_content_style":"default","_kad_post_vertical_padding":"default","_kad_post_feature":"","_kad_post_feature_position":"","_kad_post_header":false,"_kad_post_footer":false,"footnotes":""},"class_list":["post-15","page","type-page","status-publish","hentry"],"yoast_head":"<!-- This site is optimized with the Yoast SEO plugin v26.5 - https:\/\/yoast.com\/wordpress\/plugins\/seo\/ -->\n<title>V\u1ec1 The Still Book - The Still Book<\/title>\n<meta name=\"robots\" content=\"index, follow, max-snippet:-1, max-image-preview:large, max-video-preview:-1\" \/>\n<link rel=\"canonical\" href=\"https:\/\/thestillbook.com\/index.php\/ve-the-still-book\/\" \/>\n<meta property=\"og:locale\" content=\"en_US\" \/>\n<meta property=\"og:type\" content=\"article\" \/>\n<meta property=\"og:title\" content=\"V\u1ec1 The Still Book - The Still Book\" \/>\n<meta property=\"og:description\" content=\"\ud83e\udeb6 Gi\u1edbi thi\u1ec7u \u2013 The Still Book C\u00f3 nh\u1eefng ng\u00e0y, th\u1ebf gi\u1edbi \u1ed3n qu\u00e1.Ti\u1ebfng ng\u01b0\u1eddi, ti\u1ebfng vi\u1ec7c, ti\u1ebfng ph\u1ea3i-tr\u1edf-th\u00e0nh-m\u1ed9t-ai-\u0111\u00f3 vang l\u00ean kh\u00f4ng d\u1ee9t. T\u00f4i t\u1ea1o ra The Still Book nh\u01b0 m\u1ed9t kho\u1ea3nh kh\u1eafc \u0111\u1ec3 d\u1eebng l\u1ea1i.Kh\u00f4ng ph\u1ea3i \u0111\u1ec3 tr\u1ed1n ch\u1ea1y, m\u00e0 \u0111\u1ec3 ng\u1ed3i l\u1ea1i v\u1edbi ch\u00ednh m\u00ecnh. \u0110\u00e2y kh\u00f4ng ch\u1ec9 l\u00e0 m\u1ed9t website review s\u00e1ch.M\u00e0...\" \/>\n<meta property=\"og:url\" content=\"https:\/\/thestillbook.com\/index.php\/ve-the-still-book\/\" \/>\n<meta property=\"og:site_name\" content=\"The Still Book\" \/>\n<meta property=\"article:modified_time\" content=\"2025-10-09T15:43:00+00:00\" \/>\n<meta name=\"twitter:card\" content=\"summary_large_image\" \/>\n<meta name=\"twitter:label1\" content=\"Est. reading time\" \/>\n\t<meta name=\"twitter:data1\" content=\"1 minute\" \/>\n<script type=\"application\/ld+json\" class=\"yoast-schema-graph\">{\"@context\":\"https:\/\/schema.org\",\"@graph\":[{\"@type\":\"WebPage\",\"@id\":\"https:\/\/thestillbook.com\/index.php\/ve-the-still-book\/\",\"url\":\"https:\/\/thestillbook.com\/index.php\/ve-the-still-book\/\",\"name\":\"V\u1ec1 The Still Book - The Still Book\",\"isPartOf\":{\"@id\":\"https:\/\/thestillbook.com\/#website\"},\"datePublished\":\"2025-10-08T15:42:02+00:00\",\"dateModified\":\"2025-10-09T15:43:00+00:00\",\"breadcrumb\":{\"@id\":\"https:\/\/thestillbook.com\/index.php\/ve-the-still-book\/#breadcrumb\"},\"inLanguage\":\"en-US\",\"potentialAction\":[{\"@type\":\"ReadAction\",\"target\":[\"https:\/\/thestillbook.com\/index.php\/ve-the-still-book\/\"]}]},{\"@type\":\"BreadcrumbList\",\"@id\":\"https:\/\/thestillbook.com\/index.php\/ve-the-still-book\/#breadcrumb\",\"itemListElement\":[{\"@type\":\"ListItem\",\"position\":1,\"name\":\"Home\",\"item\":\"https:\/\/thestillbook.com\/\"},{\"@type\":\"ListItem\",\"position\":2,\"name\":\"V\u1ec1 The Still Book\"}]},{\"@type\":\"WebSite\",\"@id\":\"https:\/\/thestillbook.com\/#website\",\"url\":\"https:\/\/thestillbook.com\/\",\"name\":\"The Still Book\",\"description\":\"N\u01a1i b\u1ea1n d\u1eebng l\u1ea1i, gi\u1eefa nh\u1eefng trang s\u00e1ch hay\",\"publisher\":{\"@id\":\"https:\/\/thestillbook.com\/#organization\"},\"potentialAction\":[{\"@type\":\"SearchAction\",\"target\":{\"@type\":\"EntryPoint\",\"urlTemplate\":\"https:\/\/thestillbook.com\/?s={search_term_string}\"},\"query-input\":{\"@type\":\"PropertyValueSpecification\",\"valueRequired\":true,\"valueName\":\"search_term_string\"}}],\"inLanguage\":\"en-US\"},{\"@type\":\"Organization\",\"@id\":\"https:\/\/thestillbook.com\/#organization\",\"name\":\"The Still Book\",\"url\":\"https:\/\/thestillbook.com\/\",\"logo\":{\"@type\":\"ImageObject\",\"inLanguage\":\"en-US\",\"@id\":\"https:\/\/thestillbook.com\/#\/schema\/logo\/image\/\",\"url\":\"https:\/\/thestillbook.com\/wp-content\/uploads\/2025\/10\/The-still-book-logo.png\",\"contentUrl\":\"https:\/\/thestillbook.com\/wp-content\/uploads\/2025\/10\/The-still-book-logo.png\",\"width\":500,\"height\":500,\"caption\":\"The Still Book\"},\"image\":{\"@id\":\"https:\/\/thestillbook.com\/#\/schema\/logo\/image\/\"}}]}<\/script>\n<!-- \/ Yoast SEO plugin. -->","yoast_head_json":{"title":"V\u1ec1 The Still Book - The Still Book","robots":{"index":"index","follow":"follow","max-snippet":"max-snippet:-1","max-image-preview":"max-image-preview:large","max-video-preview":"max-video-preview:-1"},"canonical":"https:\/\/thestillbook.com\/index.php\/ve-the-still-book\/","og_locale":"en_US","og_type":"article","og_title":"V\u1ec1 The Still Book - The Still Book","og_description":"\ud83e\udeb6 Gi\u1edbi thi\u1ec7u \u2013 The Still Book C\u00f3 nh\u1eefng ng\u00e0y, th\u1ebf gi\u1edbi \u1ed3n qu\u00e1.Ti\u1ebfng ng\u01b0\u1eddi, ti\u1ebfng vi\u1ec7c, ti\u1ebfng ph\u1ea3i-tr\u1edf-th\u00e0nh-m\u1ed9t-ai-\u0111\u00f3 vang l\u00ean kh\u00f4ng d\u1ee9t. T\u00f4i t\u1ea1o ra The Still Book nh\u01b0 m\u1ed9t kho\u1ea3nh kh\u1eafc \u0111\u1ec3 d\u1eebng l\u1ea1i.Kh\u00f4ng ph\u1ea3i \u0111\u1ec3 tr\u1ed1n ch\u1ea1y, m\u00e0 \u0111\u1ec3 ng\u1ed3i l\u1ea1i v\u1edbi ch\u00ednh m\u00ecnh. \u0110\u00e2y kh\u00f4ng ch\u1ec9 l\u00e0 m\u1ed9t website review s\u00e1ch.M\u00e0...","og_url":"https:\/\/thestillbook.com\/index.php\/ve-the-still-book\/","og_site_name":"The Still Book","article_modified_time":"2025-10-09T15:43:00+00:00","twitter_card":"summary_large_image","twitter_misc":{"Est. reading time":"1 minute"},"schema":{"@context":"https:\/\/schema.org","@graph":[{"@type":"WebPage","@id":"https:\/\/thestillbook.com\/index.php\/ve-the-still-book\/","url":"https:\/\/thestillbook.com\/index.php\/ve-the-still-book\/","name":"V\u1ec1 The Still Book - The Still Book","isPartOf":{"@id":"https:\/\/thestillbook.com\/#website"},"datePublished":"2025-10-08T15:42:02+00:00","dateModified":"2025-10-09T15:43:00+00:00","breadcrumb":{"@id":"https:\/\/thestillbook.com\/index.php\/ve-the-still-book\/#breadcrumb"},"inLanguage":"en-US","potentialAction":[{"@type":"ReadAction","target":["https:\/\/thestillbook.com\/index.php\/ve-the-still-book\/"]}]},{"@type":"BreadcrumbList","@id":"https:\/\/thestillbook.com\/index.php\/ve-the-still-book\/#breadcrumb","itemListElement":[{"@type":"ListItem","position":1,"name":"Home","item":"https:\/\/thestillbook.com\/"},{"@type":"ListItem","position":2,"name":"V\u1ec1 The Still Book"}]},{"@type":"WebSite","@id":"https:\/\/thestillbook.com\/#website","url":"https:\/\/thestillbook.com\/","name":"The Still Book","description":"N\u01a1i b\u1ea1n d\u1eebng l\u1ea1i, gi\u1eefa nh\u1eefng trang s\u00e1ch hay","publisher":{"@id":"https:\/\/thestillbook.com\/#organization"},"potentialAction":[{"@type":"SearchAction","target":{"@type":"EntryPoint","urlTemplate":"https:\/\/thestillbook.com\/?s={search_term_string}"},"query-input":{"@type":"PropertyValueSpecification","valueRequired":true,"valueName":"search_term_string"}}],"inLanguage":"en-US"},{"@type":"Organization","@id":"https:\/\/thestillbook.com\/#organization","name":"The Still Book","url":"https:\/\/thestillbook.com\/","logo":{"@type":"ImageObject","inLanguage":"en-US","@id":"https:\/\/thestillbook.com\/#\/schema\/logo\/image\/","url":"https:\/\/thestillbook.com\/wp-content\/uploads\/2025\/10\/The-still-book-logo.png","contentUrl":"https:\/\/thestillbook.com\/wp-content\/uploads\/2025\/10\/The-still-book-logo.png","width":500,"height":500,"caption":"The Still Book"},"image":{"@id":"https:\/\/thestillbook.com\/#\/schema\/logo\/image\/"}}]}},"jetpack_sharing_enabled":true,"jetpack-related-posts":[],"_links":{"self":[{"href":"https:\/\/thestillbook.com\/index.php\/wp-json\/wp\/v2\/pages\/15","targetHints":{"allow":["GET"]}}],"collection":[{"href":"https:\/\/thestillbook.com\/index.php\/wp-json\/wp\/v2\/pages"}],"about":[{"href":"https:\/\/thestillbook.com\/index.php\/wp-json\/wp\/v2\/types\/page"}],"author":[{"embeddable":true,"href":"https:\/\/thestillbook.com\/index.php\/wp-json\/wp\/v2\/users\/1"}],"replies":[{"embeddable":true,"href":"https:\/\/thestillbook.com\/index.php\/wp-json\/wp\/v2\/comments?post=15"}],"version-history":[{"count":2,"href":"https:\/\/thestillbook.com\/index.php\/wp-json\/wp\/v2\/pages\/15\/revisions"}],"predecessor-version":[{"id":32,"href":"https:\/\/thestillbook.com\/index.php\/wp-json\/wp\/v2\/pages\/15\/revisions\/32"}],"wp:attachment":[{"href":"https:\/\/thestillbook.com\/index.php\/wp-json\/wp\/v2\/media?parent=15"}],"curies":[{"name":"wp","href":"https:\/\/api.w.org\/{rel}","templated":true}]}}